hundreds digit of (4/(r/2))/((-1)/(-128))?
1
Let k(v) = -92*v + 72. What is the units digit of k(-7)?
6
Let p be 248/6 + (-4)/12 + -2. Suppose -481 - p = -4*f. What is the units digit of f?
0
Let k = 779 + -594. What is the units digit of k?
5
Suppose h - b = 433, -3*h + 2*b + 1734 = h. What is the tens digit of h?
3
Suppose 4*d - 5*y = -152, 3*d + 2*y = -103 - 34. Let s = 15 - d. What is the units digit of s?
8
Let g(x) = -x**2 - x + 5. Let c be g(-3). What is the units digit of (-3*6/72)/(c/28)?
7
Let k(l) = -9*l**2 - 70*l - 6. Let i(r) = -13*r**2 - 105*r - 9. Let u(g) = -5*i(g) + 7*k(g). What is the units digit of u(-19)?
0
Let o be -6 + 1 + 3 + 5. Suppose -120 = -2*w - o*w. Suppose 2*d - w = -0*d. What is the tens digit of d?
1
Let x(f) be the second derivative of f**3/2 - f**2/2 + f. Suppose 17 = 10*z - 23. What is the units digit of x(z)?
1
Let o be -2 + (3 + -1 - -91). Let q(r) = -8*r + 155. Let i be q(14). Let n = o - i. What is the tens digit of n?
4
Suppose 2*n - 3*j + 18 = 0, -3*n - 4*j - 4 = 57. What is the hundreds digit of (-2643)/n - 1/10*2?
1
Let m(z) = 3*z**3 - 2*z**2 + z + 2. Let b = -7 - -10. Let y be m(b). Suppose -i = -3*f + 131, -2*f + 12 + y = 3*i. What is the tens digit of f?
4
Let x = 7 - -4. Suppose 1 - x = 5*b. Let g(n) = -11*n - 2. What is the units digit of g(b)?
0
Suppose 0 = -5*p + 3*k + 4789, -17*p + 3827 = -13*p - k. What is the tens digit of p?
5
Suppose 0*w = -2*d + 4*w + 16, -2*d = 5*w + 20. Suppose d = 2*s - 3*r - 133, 5 = -4*r + 1. What is the tens digit of s?
6
Let w = -479 + 824. Suppose -3*l + w = -243. Suppose -3*y - 76 = -l. What is the tens digit of y?
4
Let w(b) = 365*b + 149. What is the thousands digit of w(3)?
1
Let h be (42/(-49))/((-1)/(-7)). What is the tens digit of ((-2)/h)/(1/147)?
4
Let y = -85 - -87. Suppose -15*j + y*j = -286. What is the tens digit of j?
2
Let c = 5 + -2. Let x = 3 - c. What is the units digit of (x + 1)/((-3)/(-6))?
2
Suppose -2*p = p - 621. Let r = p + -127. What is the tens digit of r?
8
What is the thousands digit of (-245125)/(-74) - 3/2?
3
Let v be 2 + 23/(2 - (-36)/(-16)). Let o = v + 305. What is the tens digit of o?
1
Suppose 2*y = -2*y + 2*k, -2 = 3*y - 2*k. What is the units digit of (116*2)/y*3/6?
8
Suppose 0 = w - 20 - 4. Let s be (1 - 22)*(5 - (-14)/(-3)). Let d = s + w. What is the tens digit of d?
1
Suppose -k - 3*i + 5 = 3, 3*k = 2*i + 50. Let g(r) = -r**2 + 19*r - 29. What is the units digit of g(k)?
1
Suppose -3*q - 2301 = -5*s, 3*s + 0*q + 5*q = 1401. Suppose -7*u = -u - s. What is the units digit of u?
7
Let f(p) = 10*p**2 - 56*p + 26. What is the units digit of f(11)?
0
Suppose -6535 = -5*z + b - 6*b, 3*z - 3914 = 4*b. What is the tens digit of z?
0
Let h(f) = -15*f**3 - 10*f**2 - 25*f - 19. What is the hundreds digit of h(-7)?
8
Suppose -65 = -2*c + 5*g, 0 = -5*c - 0*g - g + 122. Suppose 7*k - c = 2*k. Suppose -5*q + 145 = k*v, 0 = -v + 6*v + q - 125. What is the tens digit of v?
2
Let t(w) = -w**3 + 148. Let c be t(0). Let i = c - 92. What is the units digit of i?
6
Let r(l) = -3*l**2 + 2*l + 3. Let a(b) = 13*b**2 - 8*b - 11. Let s(f) = -2*a(f) - 9*r(f). Let t be s(0). Let q = 28 + t. What is the tens digit of q?
2
Let t = 8 + 32. Suppose 0 = 8*y - t - 88. Suppose y = -j + 59. What is the units digit of j?
3
Let x be 1 + 0 + 12/(-3). What is the tens digit of (x + 2)*(-170)/5?
3
Let p(b) = 39*b**2 - 4*b - 2. Let i be p(-1). Let v = i - 10. Let u = v + -12. What is the tens digit of u?
1
Let c = 24 + -21. Let r(t) = 5*t**2 - 6*t + 2. What is the units digit of r(c)?
9
Let p(m) = -16*m**3 + 3*m**2 + 2*m. Let y be 3/(-3)*(-2 - -3). What is the tens digit of p(y)?
1
Suppose z - 4*z + 2*s + 437 = 0, s = 4*z - 581. Let h = -309 + 316. Suppose h*i + z = 12*i. What is the tens digit of i?
2
Suppose -26*n - 24 = -30*n. Suppose -450 = -n*p + p. What is the units digit of p?
0
Suppose -1197*s + 1210*s = 22113. What is the tens digit of s?
0
Let x(l) = -l**2 - 12*l + 5. Let r be -2 + 21/(-2)*-2. Let g = r + -30. What is the tens digit of x(g)?
1
Let a(v) = -v + 5. Let u be a(5). Let l = u + -2. What is the units digit of ((-21)/(-35))/(l/(-60))?
8
Suppose 2*t - 7*t + 100 = -v, 3*t = -4*v + 83. Let o(h) = h**2 - 18*h - 4. What is the tens digit of o(t)?
5
Suppose -k = -3*x - 24, 0 = 2*k - 2*x - 41 - 23. Let o be 12/k + 284/(-6). Let z = -8 - o. What is the units digit of z?
9
What is the tens digit of 0 - (100*-12 - -9)?
9
Let d(a) = -a**3 + 7*a**2 - a + 2. Let h be d(6). Let c be 1 + ((-35)/(-11) - (-6)/(-33)). Let t = c + h. What is the units digit of t?
6
Suppose 32 = 3*y + y. Let c(w) = w**2 + 0 + 74902*w - 74908*w - 8. What is the units digit of c(y)?
8
Let h be (-42)/(-273) - (-74)/26. Suppose 75 = 2*s - 5*k, 0 = s - 2*s + 3*k + 38. What is the units digit of s - ((-21)/h - -4)?
8
Let z = -3962 + 9463. What is the hundreds digit of z?
5
Suppose -2*p + m + 28 = 0, 3*p = -p - 4*m + 44. Let q = 84 + p. What is the units digit of q?
7
Suppose r - 2 - 19 = -4*s, 0 = 2*r - 5*s + 23. What is the hundreds digit of 107/r + 4/(-8)*4?
1
Let l(j) = -j**2 - 16*j + 5225. What is the thousands digit of l(0)?
5
Suppose 2*v - 10*v = -1752. Suppose v + 594 = 3*c. What is the tens digit of c?
7
Let t(y) = -y**2 + 9*y + 3. Let n(m) = m**3 + 7*m**2 - 10*m - 7. Let q be n(-8). Let z be t(q). Suppose w + 30 = z*w. What is the tens digit of w?
1
Suppose 6546 = 2*r - 2*t, -9*t + 5*t = -3*r + 9822. What is the hundreds digit of r?
2
Let m(j) = 5*j**2 - j + 10. What is the hundreds digit of m(-7)?
2
Let o = -64 + 267. What is the tens digit of o?
0
Suppose 4*k = -4*v + 7*k + 20748, 4*k = 2*v - 10374. What is the tens digit of v?
8
Let o = 33 - 23. Suppose 133 = -3*s + o*s. What is the tens digit of s?
1
Let y = 11 - 7. Suppose -4*l + 46 = 2*h, -y*l = -6*l + 5*h + 17. Suppose a = l - 9. What is the units digit of a?
2
Suppose -3 = -4*m + 9. Suppose -j = -2*y - m*y + 13, -y + j + 1 = 0. What is the units digit of (59 - (-5 + y)) + 1?
2
Suppose 2*d + 3*q - 203 = 0, -285 = -2*d - d + 2*q. Let p = d - 50. Suppose 0 = -4*j + 3*y + p, 3*y + 1 = 10. What is the units digit of j?
4
Suppose -4*j - 5*i + 4341 = 0, 854 = -2*j - 3*i + 3023. What is the tens digit of j?
8
Let g = 3 + 10. Let d = g - 8. Suppose -7*z = -d*z - 14. What is the units digit of z?
7
What is the units digit of (-35)/14*(1880/25)/(-4)?
7
What is the units digit of (-13082)/(-18) + (-15)/((-135)/2)?
7
Let d = 5 - 2. Let u(j) = -j**2 + 2*j - 1. Let b be u(d). Let o(r) = -r**3 - 4*r**2 - 2*r - 4. What is the units digit of o(b)?
4
Let u = 0 + 3. Suppose 0*d - d = -3*i + 475, -u*d = -i + 161. What is the hundreds digit of i?
1
Suppose 19 = -r - 5*l, -23 = -r + 3*l - 10. Let o be (-1)/r + (0 - -1). Suppose h = -o*h + 34. What is the units digit of h?
4
Suppose 2*j + 0*j - 816 = -2*h, -3*h = -4*j - 1203. What is the units digit of h?
5
Suppose 7*d - 3*d = -12. What is the units digit of d/((-2)/(-12)*-2)?
9
Let l be (1 - -1)/(4/38). Let k = l - 9. What is the units digit of k?
0
Let s = 683 - 323. What is the tens digit of s?
6
Let c be 20/5 - (2 + 2). Let m be 0/(c/(-4) - 1). Suppose -2*z = -m*z - 90. What is the units digit of z?
5
Suppose 0 = -2*i - 5*k + 80 + 81, 330 = 5*i - 2*k. Let b = i + -22. What is the tens digit of b?
4
What is the units digit of (4 - 3) + 552 + 2 - 1?
4
What is the tens digit of 10 - (108640/(-7))/10?
6
Let y(a) = -a**3 - a**2 + 3*a + 5. Let h be y(-2). Suppose -h*i + 0*i = -99. What is the tens digit of i?
3
Let d be (10 + 0)/(2/8). Suppose -8*a + 12*a = d. What is the tens digit of a?
1
Suppose 0 = 70*g - 78*g + 4760. What is the units digit of g?
5
Let p = 58 - 68. Let s(l) = -l**3 - 8*l**2 + 11*l - 13. What is the units digit of s(p)?
7
Let r = -127 - -139. What is the tens digit of r/(147*1/(-50) - -3)?
0
Let o = -568 - -1083. What is the units digit of o?
5
Let d(o) = 3*o**3 + 32*o**2 - 26*o - 39. Let l(y) = -y**3 - 11*y**2 + 9*y + 13. Let z(v) = -4*d(v) - 11*l(v). What is the tens digit of z(-8)?
3
Suppose -5*f = 2*m + 22, 0 = -f - f - 4*m - 12. Let h be 19/f - 3/(-4). What is the units digit of -3 + (h - -3 - -45)?
1
Suppose 5*f - 20 = 0, -3*f + 36 = 4*u + f. What is the tens digit of 1/(u/157) - (-21)/35?
3
Suppose 0 = -3*w - 24 - 12. Let r(s) = -10*s + 11. What is the units digit o